 - 4*h = 4, -3*h - 12 = 0. Let p(g) = r + 0*g + 2 - 5 + g. Give p(-4).
-5
Let b(u) = -u**2 - 12*u - 14. Let h be b(-10). Let v(r) = -8*r**3 - 2. Let c(w) = 7*w**3 - w**2 + w + 1. Let k(z) = h*v(z) + 7*c(z). Give k(6).
1
Let l(v) be the second derivative of 7*v**3/6 + 3*v**2/2 + 8*v. What is l(-2)?
-11
Let i(k) = k**3 - 6*k**2 - 2*k + 7. Let p be i(6). Let y(s) = -2 - 5 - s**2 + 3*s + 6*s - 15*s. Calculate y(p).
-2
Let y be (-5)/((2/1)/(-2)). Suppose -2*b + y*n - 16 = 0, b + b - 8 = -n. Let q(x) = x**3 + 14*x**b - 15*x**2 + 0 - 1. Give q(2).
3
Let a(b) = 5*b**2 - 5*b - 2. Let p(q) = 36*q**2 - 36*q - 15. Let k(j) = 15*a(j) - 2*p(j). Determine k(2).
6
Let g(m) = -2*m**3 + m**2 + m. Let r = -7 - -6. Let u be g(r). Let o(s) = s**3. What is o(u)?
8
Let t(o) be the third derivative of o**4/12 - o**3/6 + 16*o**2. What is t(-3)?
-7
Let o be 1 - (-2)/4*10. Let f(j) be the first derivative of 1/2*j**2 - 1 + o*j. Calculate f(-5).
1
Let c(i) = -4*i - 3. Let t(d) = -17*d - 13. Let s(p) = 18*c(p) - 4*t(p). Suppose -x - 2*x - 4*j = -14, -2 = x - 2*j. What is s(x)?
-10
Let q(x) = 6*x**2. Let z = 14 + -15. What is q(z)?
6
Let m(y) = -y**3 + 6*y**2 - 3*y - 4. Let f = -37 - -42. What is m(f)?
6
Let a(r) = -r**2 + 8*r - 5. Let s(d) be the third derivative of d**5/60 + d**4/3 + d**3 - 2*d**2. Let w be s(-8). Determine a(w).
7
Let h be (6 + -12)*1/2. Let i = h - -7. Let t(u) = u**3 - u + 7 - 2 - u - 4*u**2. Determine t(i).
-3
Suppose -20 = 3*f + 2*l - 3, -8 = 2*f - 2*l. Let j be 333/45 + 2/f. Let a(p) = p - 2. What is a(j)?
5
Suppose 0 = 2*b, -m - m - 2*b = 0. Let d(p) be the third derivative of 0 - 7/24*p**4 + m*p + 1/60*p**5 + 1/2*p**3 + 3*p**2. What is d(5)?
-7
Let y(i) = 4*i - 2 + 1 + 3*i + 0. Give y(1).
6
Let n(k) be the third derivative of k**5/60 - 7*k**4/24 + k**3/2 + 6*k**2. Calculate n(5).
-7
Let s = 19 + -15. Let r(b) = -2 - 3*b - b + 3*b - 3*b + b**2. Calculate r(s).
-2
Let k = 28 - 27. Let x(g) = -6*g. What is x(k)?
-6
Let n(q) be the third derivative of q**4/24 - 4*q**3/3 + 7*q**2. Determine n(6).
-2
Let x(h) = h**2 - 3*h - 2. Let f(b) = 2*b**2 - 11*b - 2. Let t be f(6). Calculate x(t).
2
Let g be (1/2)/(3/30). Let k(c) = c**2 - 5*c + 3. Let n be k(g). Suppose -n*h + 0 = 9. Let x(b) = b**3 + 3*b**2 + b - 2. What is x(h)?
-5
Let f(v) = -9*v + v**2 + 21 + 22 + 16 - 51. Determine f(8).
0
Let a(d) be the third derivative of d**6/120 + d**5/10 + d**4/12 - 5*d**3/6 - 21*d**2. Calculate a(-6).
-17
Let f(g) = g**3 + 3*g**2 + 2*g - 2. Let u be f(-2). Let y(k) = -k. Let r(b) = 2*b - 2. Let t be r(2). Let h(p) = 4*p. Let j(z) = t*y(z) + h(z). Determine j(u).
-4
Let u = -60 + 60. Let p(z) = -z + 2. Let b(f) = -f. Let t be b(-3). Let i(o) = 2*o - 4. Let n(d) = t*i(d) + 5*p(d). Determine n(u).
-2
Let x = 7 - 2. Let i(z) = -x + 2*z + 5 - 3 + 1. Let a = 8 + -6. What is i(a)?
2
Suppose 2*a = -3*a + 25. Let j(q) be the third derivative of -q**5/60 + q**4/4 - q**3 + 2*q**2. Calculate j(a).
-1
Suppose 4*l = 19 - 3. Suppose b - 2*q + 9 = 3*q, 2*q = -3*b + 24. Let d(s) = s**2 - 3 + 0*s**2 + b*s - 2*s**2. What is d(l)?
5
Let p be (-2)/12 + 50/12. Suppose -5*d = 15, -d - 40 = 5*o + p*d. Let u(a) = a**2 + 8*a + 7. Give u(o).
-8
Let k(p) = 1 - 8*p + 6 + 5 - 11. Determine k(-1).
9
Let k(p) = -p**3 - p**2 + 3*p - 4. Suppose 4*j + r - 39 = 0, 6 = -3*r - 9. Let x(h) = -h + 16. Let o be x(j). Suppose 3*g + 4 + o = 0. What is k(g)?
5
Let y = -94 + 91. Let w(i) = -2*i - 3. What is w(y)?
3
Let a(z) be the second derivative of z**4/12 - 4*z**3/3 + 3*z**2 + 7*z. Calculate a(6).
-6
Let v(y) = -y**3 + 5*y**2 - 2*y - 2. Let w be v(2). Let l(a) = a - 1. Determine l(w).
5
Let w(z) be the second derivative of 1/24*z**4 + 0 + 5/3*z**3 + 2*z + 1/2*z**2. Let j(i) be the first derivative of w(i). Give j(-5).
5
Let c(a) be the first derivative of a**2/2 - a + 7. What is c(-4)?
-5
Let j(u) = -u**3 + 6*u**2 - 3*u - 3. Suppose -s + 7*s - 30 = 0. Give j(s).
7
Let q(c) = -3 + 0*c**2 + 4*c + 4 + 2*c**2 - 4*c**2. Suppose -p - 17 = -4*o, 0*p + 5*o = 5*p + 10. What is q(p)?
-5
Let z(h) = -3*h. Let g(m) = -9*m. Let c(k) = -6*g(k) + 17*z(k). Let x be (-28)/(-12) + (-2)/(-3). What is c(x)?
9
Let v(b) be the first derivative of b - 4 + 1/3*b**3 + 7/2*b**2. Calculate v(-6).
-5
Let o(c) = -c**2 - 4*c + 8. Let x = 30 - 36. What is o(x)?
-4
Let f(l) = l**3 - 6*l**2 + 4*l + 1. Let q be f(5). Let u be (-26)/(-8) - (-1)/q. Let r(m) = -5*m + 3 - m**3 - 4 + u*m**2 - 10*m**2. Calculate r(-6).
-7
Let n(c) be the second derivative of -c**5/20 - c**4/4 - 2*c**3/3 - 2*c**2 - 25*c. What is n(-3)?
8
Let p(a) = 10*a**3 + a - 1. Suppose -2*o + 8 + 0 = 0. Suppose -o*r + 2 = -2. Determine p(r).
10
Let s(i) = i. Let z(y) = -y**2 + 7*y - 3. Let t be z(6). What is s(t)?
3
Let v(h) = h**3 + 3*h**2 - 3*h + 3. Let p be -7 + 1/((-4)/(-12)). What is v(p)?
-1
Let x = 79 + -78. Let j(p) = 4*p**3 + 4*p**3 + p**2 + p**3 - 1. Give j(x).
9
Let u(j) = j**2 + 2*j - 2. Let k(g) = -g**3 - g + 1. Let m(c) = 3*c**3 - 2. Let y(s) = -2*k(s) - m(s). Let f be y(2). What is u(f)?
6
Let m(a) = -21*a + 13*a + 9*a - 2. Let g = -4 + 9. Calculate m(g).
3
Let i be (-15)/9*(-2 - 1). Let z = -1 + i. Let o(w) be the third derivative of w**5/60 - w**4/6 + w**3/2 + 2*w**2. Give o(z).
3
Let r(s) = -s**3 + 2*s**2 - 3*s + 3. Suppose -4*k - 5*n - 12 = 0, -n = 2*n + 12. What is r(k)?
-3
Let y(z) = -8*z - 78. Let g be y(-10). Let c(n) = 2 - 4*n - 2. What is c(g)?
-8
Let r = -23 + 35. Let c = -17 + r. Let i(s) = -4*s - s**2 - 2*s**3 + 6 - 5*s**2 + s**3. Calculate i(c).
1
Suppose 15*n + 11 - 101 = 0. Let b(m) = 2*m - 2. Calculate b(n).
10
Let r(i) = -i + 13. Let j(o) = -1. Let v(h) = 6*j(h) + r(h). Calculate v(0).
7
Let r(i) = -i + 7. Let s be 180/(-3)*(0 - -1). Let m be s/(-4)*(-1)/(-3). Let n = -5 + m. What is r(n)?
7
Let g be 18*(-2 + (-21)/(-9)). Let x(b) = 19*b**2 - g*b - 18*b**2 + 2 + 1. What is x(5)?
-2
Let i(n) = n - 1. Let s(l) = -2*l. Let q be s(-2). Suppose 6 = -q*p - 2. What is i(p)?
-3
Let d = -44 - -36. Let b(h) = -h**3 - 9*h**2 - 10*h - 10. Give b(d).
6
Suppose 0 = a + 5*x - 15, a + a - 6 = -2*x. Let u(j) = -j**2 + 7*j + 13. Let y be u(9). Let f = a + y. Let o(r) = 2*r + 4. Give o(f).
-6
Let b(n) be the second derivative of n**4/4 + n**3/3 - n**2/2 - n. Let v = 316 + -318. What is b(v)?
7
Suppose 14*y = 10*y + 20. Let k(j) be the third derivative of 0*j**y + 1/3*j**3 + 0*j + 1/24*j**4 - 1/120*j**6 + 2*j**2 + 0. What is k(-2)?
8
Let g(u) = 0*u + 3 + u**3 - 2*u + 2*u**2 + 0. Let c be g(-3). Suppose c = -2*k - 5 + 13. Let a(x) = -x + 5. Determine a(k).
1
Let t(p) = p + 2*p**3 + 0*p**3 + 0*p + 0*p. Give t(1).
3
Let m(f) = -f**2 + 5*f - 3. Let p(r) = r**3 - 12*r**2 + 11*r + 4. Let q be p(11). What is m(q)?
1
Let o(k) = k**2 + k + 2. Suppose -m + 19 + 25 = 0. Suppose -2*v + 12 = 2*w - 5*v, -2*w + m = 5*v. Suppose -3*i + 5*y - 3 = -w, -3*i + 2*y = 0. Calculate o(i).
4
Let z(f) = f**2 - 4*f + 3. Let a(v) = -v + 1. Let t(m) = 3*a(m) - z(m). Let p be (-5 - (2 - 3))/(-2). What is t(p)?
-2
Let y(g) = -5*g - 7. Let i(a) = -4*a - 6. Let d(s) = -6*i(s) + 5*y(s). Let m(w) = -4 + 4*w + 5*w**2 + w**3 - 10*w - w**2. Let x be m(-5). Give d(x).
0
Let u(p) = -p + 4. Let d be u(0). Suppose -f - d*a = 4, a + 2 = 1. Let x(h) = 7*h - 15. Let c(b) = -3*b + 7. Let k(s) = -5*c(s) - 2*x(s). Give k(f).
-5
Let n(z) = 65*z - 9 + 2 - 62*z. Determine n(-5).
-22
Let d(c) = -3*c**2 - 7*c + 2*c**2 + 2*c**2 - 6. Let h be d(8). Let w(f) = 0*f**h + f**2 + f + 5*f**2. Give w(1).
7
Let x(i) = -4*i**2 - i. Let t = 3 + 4. Suppose 0*z - z = 4, -2*z = n + t. Calculate x(n).
-5
Suppose -4*m - 63 = -m. Let r = m - -15. Let v(b) = -b**3 - 7*b**2 - 7*b - 9. Calculate v(r).
-3
Let g be -16 - -25 - 1*4. Let o(i) = i**2 - 5*i - 4. Calculate o(g).
-4
Let u = -7 + 10. Let n(x) = x**u - 3*x**2 - 1 - 4*x - 5 + 5. Give n(4).
-1
Let k be (-4)/20 - 1/(-5). Let y(r) = -3 + k + 7*r - 4*r. Let f(a) = 10*a - 8. Let n(x) = -2*f(x) + 7*y(x). Give n(-4).
-9
Let b(h) = 11*h**3 + 23*h**2 + 3*h + 14. Let a(w) = -4*w**3 - 8*w**2 - w - 5. Let g(q) = 17*a(q) + 6*b(q). What is g(2)?
-7
Let k(t) = -t**3 + 5*t**2 + 2*t - 4. Let q be 4/(-22) + 932/44. Suppose 0 = -4*m + g + 20, 4 = 5*m - 2*g - q. Suppose -2*l - m = -3*l. What is k(l)?
6
Let w = -4 + 6. Suppose -4*x = 3*z - w, -z - 12 = -3*x - 2*x. Let v be z + (1 + 17)/3. Let p(j)